{"id":5970,"date":"2026-04-11T16:19:11","date_gmt":"2026-04-11T16:19:11","guid":{"rendered":"https:\/\/www.glueckchenfueller.ch\/?post_type=product&#038;p=5970"},"modified":"2026-04-11T16:19:11","modified_gmt":"2026-04-11T16:19:11","slug":"2026_f01-stempelschnitzkurs-sa-13-juni-14-30h-18-30h","status":"publish","type":"product","link":"https:\/\/www.glueckchenfueller.ch\/?product=2026_f01-stempelschnitzkurs-sa-13-juni-14-30h-18-30h","title":{"rendered":"2026_F01 Stempelschnitzkurs | Sa. 13. Juni 14.30H-18.30H"},"content":{"rendered":"<p><strong>Stempelschnitzkurs | Samstag 13. Juni 2026 | 14.30 bis 18.30 Uhr<br \/>\n<\/strong><br \/>\nIn meinen Workshops gebe ich sehr gerne meine Leidenschaft im Stempel schnitzen weiter.<\/p>\n<p>Du lernst in vier Stunden, mit Skalpell und Linol-Schnitzwerkzeugen aus weichen Gummiplatten individuelle Motive raus zu schneiden.<\/p>\n<p><strong>Die Kurse finden in meinem kleinen Ladenlokal im Graben 4 in Baden statt und werden ab 4 Personen durch gef\u00fchrt. Es hat jeweils Platz f\u00fcr sechs Personen.<\/strong><\/p>\n<p>Du musst keine Vorkenntnisse haben, ich habe viele Bildvorlagen welche durchgepaust werden k\u00f6nnen, Du kannst aber auch eigene Bilder\/Zeichnungen mitnehmen. Gearbeitet wird gemeinsam an einem langen Arbeitstisch. 4 verschiedene Schnitzmesser in diversen Gr\u00f6ssen, 80 Stempelfarben und die unterschiedlichsten Papiere stehen den Werkenden zur Verf\u00fcgung.<\/p>\n<p>Mit den fertigen Stempeln kann man danach eigene Postkartenunikate kreieren, Anh\u00e4nger bedrucken, Couverts verzieren und vieles mehr.<br \/>\nIm Kursgeld von Fr. 150.- sind neben dem Verbrauchsmaterial auch ein Snack-Pausens\u00e4ckli und Getr\u00e4nke inbegriffen.<\/p>\n<p>Man kann mich auch nach Wunschdaten anfragen. Ab vier bis sechs Personen gebe ich auch sehr gerne an anderen Tagen Gruppenkurse. Diese eignen sich bestens auch als Teamevent, kleine Familienfeiern, Polternachmittage, Geburtstagsgeschenke etc&#8230;<br \/>\nWeitere Infos findest Du unter &#8222;Kurse&#8220;.<\/p>\n<p class=\"has-text-align-left\"><strong>Stornierungsbedingungen:<\/strong><br \/>\nEs ist mir vorbehalten, Kurse wegen Krankheit, zu wenig Teilnehmern, Pandemie-Massnahmen oder anderen Gr\u00fcnden abzusagen. Bei Kursabsage von Seiten Gl\u00fcckchenf\u00fcller.ch wird das volle Kursgeld zur\u00fcck erstattet.<br \/>\nWenn die Kursteilnehmer*innen bis sieben Tage vor Kursdatum absagen, ebenfalls. Wenn die Absage zwischen sieben und zwei Tage vor dem Kurs erfolgt, verrechne ich 50%. Bei einer Absage ab 24 Stunden vor dem Termin gibt es keine R\u00fcckerstattung, ausser es findet sich f\u00fcr den frei gewordenen Platz einen Ersatz. Bitte dann anfragen, ich habe meistens eine Warteliste.<br \/>\nACHTUNG: Bei Unwohlsein\/starker Erk\u00e4ltung\/Krankheit bitte lieber absagen, wir finden sicher eine gute und faire L\u00f6sung.<\/p>\n<p class=\"has-text-align-left\">Anmeldungen bis sp\u00e4testens 12h am Vortag der Kursdaten, freie Pl\u00e4tze findest Du im Shop unter der Rubrik: N| Kurse |Gutscheine<\/p>\n<p class=\"has-text-align-left\">Geeignet f\u00fcr Kinder ab 10 Jahren, bis 12 Jahren nur in Begleitung einer erwachsenen Person.<\/p>\n<p class=\"has-text-align-left\">Ich freue mich sehr auf Deinen Besuch.<br \/>\nInfos zum Laden: <a href=\"http:\/\/zurzeit.ch\">zurzeit.ch<\/a><\/p>\n<p><img loading=\"lazy\" decoding=\"async\" class=\"alignnone wp-image-5966 \" src=\"https:\/\/www.glueckchenfueller.ch\/wp-content\/uploads\/2026\/04\/kurstisch_zurzeit-225x300.jpg\" alt=\"\" width=\"298\" height=\"397\" srcset=\"https:\/\/www.glueckchenfueller.ch\/wp-content\/uploads\/2026\/04\/kurstisch_zurzeit-225x300.jpg 225w, https:\/\/www.glueckchenfueller.ch\/wp-content\/uploads\/2026\/04\/kurstisch_zurzeit-768x1024.jpg 768w, https:\/\/www.glueckchenfueller.ch\/wp-content\/uploads\/2026\/04\/kurstisch_zurzeit-1152x1536.jpg 1152w, https:\/\/www.glueckchenfueller.ch\/wp-content\/uploads\/2026\/04\/kurstisch_zurzeit-1535x2048.jpg 1535w, https:\/\/www.glueckchenfueller.ch\/wp-content\/uploads\/2026\/04\/kurstisch_zurzeit-1612x2150.jpg 1612w, https:\/\/www.glueckchenfueller.ch\/wp-content\/uploads\/2026\/04\/kurstisch_zurzeit-1116x1488.jpg 1116w, https:\/\/www.glueckchenfueller.ch\/wp-content\/uploads\/2026\/04\/kurstisch_zurzeit-806x1075.jpg 806w, https:\/\/www.glueckchenfueller.ch\/wp-content\/uploads\/2026\/04\/kurstisch_zurzeit-558x744.jpg 558w, https:\/\/www.glueckchenfueller.ch\/wp-content\/uploads\/2026\/04\/kurstisch_zurzeit-655x874.jpg 655w, https:\/\/www.glueckchenfueller.ch\/wp-content\/uploads\/2026\/04\/kurstisch_zurzeit-550x734.jpg 550w, https:\/\/www.glueckchenfueller.ch\/wp-content\/uploads\/2026\/04\/kurstisch_zurzeit-820x1094.jpg 820w, https:\/\/www.glueckchenfueller.ch\/wp-content\/uploads\/2026\/04\/kurstisch_zurzeit-scaled.jpg 1919w\" sizes=\"auto, (max-width: 298px) 100vw, 298px\" \/><\/p>\n<p><img loading=\"lazy\" decoding=\"async\" class=\"alignnone size-medium wp-image-5628\" src=\"https:\/\/www.glueckchenfueller.ch\/wp-content\/uploads\/2025\/08\/IMG_9956-300x300.jpeg\" alt=\"\" width=\"300\" height=\"300\" srcset=\"https:\/\/www.glueckchenfueller.ch\/wp-content\/uploads\/2025\/08\/IMG_9956-300x300.jpeg 300w, https:\/\/www.glueckchenfueller.ch\/wp-content\/uploads\/2025\/08\/IMG_9956-1024x1024.jpeg 1024w, https:\/\/www.glueckchenfueller.ch\/wp-content\/uploads\/2025\/08\/IMG_9956-150x150.jpeg 150w, https:\/\/www.glueckchenfueller.ch\/wp-content\/uploads\/2025\/08\/IMG_9956-768x768.jpeg 768w, https:\/\/www.glueckchenfueller.ch\/wp-content\/uploads\/2025\/08\/IMG_9956-1536x1536.jpeg 1536w, https:\/\/www.glueckchenfueller.ch\/wp-content\/uploads\/2025\/08\/IMG_9956-2048x2048.jpeg 2048w, https:\/\/www.glueckchenfueller.ch\/wp-content\/uploads\/2025\/08\/IMG_9956-468x468.jpeg 468w, https:\/\/www.glueckchenfueller.ch\/wp-content\/uploads\/2025\/08\/IMG_9956-1612x1612.jpeg 1612w, https:\/\/www.glueckchenfueller.ch\/wp-content\/uploads\/2025\/08\/IMG_9956-1116x1116.jpeg 1116w, https:\/\/www.glueckchenfueller.ch\/wp-content\/uploads\/2025\/08\/IMG_9956-806x806.jpeg 806w, https:\/\/www.glueckchenfueller.ch\/wp-content\/uploads\/2025\/08\/IMG_9956-558x558.jpeg 558w, https:\/\/www.glueckchenfueller.ch\/wp-content\/uploads\/2025\/08\/IMG_9956-655x655.jpeg 655w, https:\/\/www.glueckchenfueller.ch\/wp-content\/uploads\/2025\/08\/IMG_9956-500x500.jpeg 500w, https:\/\/www.glueckchenfueller.ch\/wp-content\/uploads\/2025\/08\/IMG_9956-550x550.jpeg 550w, https:\/\/www.glueckchenfueller.ch\/wp-content\/uploads\/2025\/08\/IMG_9956-820x820.jpeg 820w, https:\/\/www.glueckchenfueller.ch\/wp-content\/uploads\/2025\/08\/IMG_9956-220x220.jpeg 220w\" sizes=\"auto, (max-width: 300px) 100vw, 300px\" \/><\/p>\n<p><img loading=\"lazy\" decoding=\"async\" class=\"alignnone size-medium wp-image-5350\" src=\"https:\/\/www.glueckchenfueller.ch\/wp-content\/uploads\/2024\/12\/Sprechblase-300x300.jpg\" alt=\"\" width=\"300\" height=\"300\" srcset=\"https:\/\/www.glueckchenfueller.ch\/wp-content\/uploads\/2024\/12\/Sprechblase-300x300.jpg 300w, https:\/\/www.glueckchenfueller.ch\/wp-content\/uploads\/2024\/12\/Sprechblase-1024x1024.jpg 1024w, https:\/\/www.glueckchenfueller.ch\/wp-content\/uploads\/2024\/12\/Sprechblase-150x150.jpg 150w, https:\/\/www.glueckchenfueller.ch\/wp-content\/uploads\/2024\/12\/Sprechblase-768x768.jpg 768w, https:\/\/www.glueckchenfueller.ch\/wp-content\/uploads\/2024\/12\/Sprechblase-1536x1536.jpg 1536w, https:\/\/www.glueckchenfueller.ch\/wp-content\/uploads\/2024\/12\/Sprechblase-468x468.jpg 468w, https:\/\/www.glueckchenfueller.ch\/wp-content\/uploads\/2024\/12\/Sprechblase-1116x1116.jpg 1116w, https:\/\/www.glueckchenfueller.ch\/wp-content\/uploads\/2024\/12\/Sprechblase-806x806.jpg 806w, https:\/\/www.glueckchenfueller.ch\/wp-content\/uploads\/2024\/12\/Sprechblase-558x558.jpg 558w, https:\/\/www.glueckchenfueller.ch\/wp-content\/uploads\/2024\/12\/Sprechblase-655x655.jpg 655w, https:\/\/www.glueckchenfueller.ch\/wp-content\/uploads\/2024\/12\/Sprechblase-500x500.jpg 500w, https:\/\/www.glueckchenfueller.ch\/wp-content\/uploads\/2024\/12\/Sprechblase-550x550.jpg 550w, https:\/\/www.glueckchenfueller.ch\/wp-content\/uploads\/2024\/12\/Sprechblase-820x820.jpg 820w, https:\/\/www.glueckchenfueller.ch\/wp-content\/uploads\/2024\/12\/Sprechblase-220x220.jpg 220w, https:\/\/www.glueckchenfueller.ch\/wp-content\/uploads\/2024\/12\/Sprechblase.jpg 1600w\" sizes=\"auto, (max-width: 300px) 100vw, 300px\" \/><img loading=\"lazy\" decoding=\"async\" class=\"alignnone size-medium wp-image-5355\" src=\"https:\/\/www.glueckchenfueller.ch\/wp-content\/uploads\/2024\/12\/Deckblatt-300x300.jpg\" alt=\"\" width=\"300\" height=\"300\" srcset=\"https:\/\/www.glueckchenfueller.ch\/wp-content\/uploads\/2024\/12\/Deckblatt-300x300.jpg 300w, https:\/\/www.glueckchenfueller.ch\/wp-content\/uploads\/2024\/12\/Deckblatt-1024x1024.jpg 1024w, https:\/\/www.glueckchenfueller.ch\/wp-content\/uploads\/2024\/12\/Deckblatt-150x150.jpg 150w, https:\/\/www.glueckchenfueller.ch\/wp-content\/uploads\/2024\/12\/Deckblatt-768x768.jpg 768w, https:\/\/www.glueckchenfueller.ch\/wp-content\/uploads\/2024\/12\/Deckblatt-1536x1536.jpg 1536w, https:\/\/www.glueckchenfueller.ch\/wp-content\/uploads\/2024\/12\/Deckblatt-468x468.jpg 468w, https:\/\/www.glueckchenfueller.ch\/wp-content\/uploads\/2024\/12\/Deckblatt-1116x1116.jpg 1116w, https:\/\/www.glueckchenfueller.ch\/wp-content\/uploads\/2024\/12\/Deckblatt-806x806.jpg 806w, https:\/\/www.glueckchenfueller.ch\/wp-content\/uploads\/2024\/12\/Deckblatt-558x558.jpg 558w, https:\/\/www.glueckchenfueller.ch\/wp-content\/uploads\/2024\/12\/Deckblatt-655x655.jpg 655w, https:\/\/www.glueckchenfueller.ch\/wp-content\/uploads\/2024\/12\/Deckblatt-500x500.jpg 500w, https:\/\/www.glueckchenfueller.ch\/wp-content\/uploads\/2024\/12\/Deckblatt-550x550.jpg 550w, https:\/\/www.glueckchenfueller.ch\/wp-content\/uploads\/2024\/12\/Deckblatt-820x820.jpg 820w, https:\/\/www.glueckchenfueller.ch\/wp-content\/uploads\/2024\/12\/Deckblatt-220x220.jpg 220w, https:\/\/www.glueckchenfueller.ch\/wp-content\/uploads\/2024\/12\/Deckblatt.jpg 1600w\" sizes=\"auto, (max-width: 300px) 100vw, 300px\" \/><img loading=\"lazy\" decoding=\"async\" class=\"alignnone size-medium wp-image-5356\" src=\"https:\/\/www.glueckchenfueller.ch\/wp-content\/uploads\/2024\/12\/but_first_coffee-300x300.jpg\" alt=\"\" width=\"300\" height=\"300\" srcset=\"https:\/\/www.glueckchenfueller.ch\/wp-content\/uploads\/2024\/12\/but_first_coffee-300x300.jpg 300w, https:\/\/www.glueckchenfueller.ch\/wp-content\/uploads\/2024\/12\/but_first_coffee-1024x1024.jpg 1024w, https:\/\/www.glueckchenfueller.ch\/wp-content\/uploads\/2024\/12\/but_first_coffee-150x150.jpg 150w, https:\/\/www.glueckchenfueller.ch\/wp-content\/uploads\/2024\/12\/but_first_coffee-768x768.jpg 768w, https:\/\/www.glueckchenfueller.ch\/wp-content\/uploads\/2024\/12\/but_first_coffee-1536x1536.jpg 1536w, https:\/\/www.glueckchenfueller.ch\/wp-content\/uploads\/2024\/12\/but_first_coffee-468x468.jpg 468w, https:\/\/www.glueckchenfueller.ch\/wp-content\/uploads\/2024\/12\/but_first_coffee-1116x1116.jpg 1116w, https:\/\/www.glueckchenfueller.ch\/wp-content\/uploads\/2024\/12\/but_first_coffee-806x806.jpg 806w, https:\/\/www.glueckchenfueller.ch\/wp-content\/uploads\/2024\/12\/but_first_coffee-558x558.jpg 558w, https:\/\/www.glueckchenfueller.ch\/wp-content\/uploads\/2024\/12\/but_first_coffee-655x655.jpg 655w, https:\/\/www.glueckchenfueller.ch\/wp-content\/uploads\/2024\/12\/but_first_coffee-500x500.jpg 500w, https:\/\/www.glueckchenfueller.ch\/wp-content\/uploads\/2024\/12\/but_first_coffee-550x550.jpg 550w, https:\/\/www.glueckchenfueller.ch\/wp-content\/uploads\/2024\/12\/but_first_coffee-820x820.jpg 820w, https:\/\/www.glueckchenfueller.ch\/wp-content\/uploads\/2024\/12\/but_first_coffee-220x220.jpg 220w, https:\/\/www.glueckchenfueller.ch\/wp-content\/uploads\/2024\/12\/but_first_coffee.jpg 1600w\" sizes=\"auto, (max-width: 300px) 100vw, 300px\" \/> <img loading=\"lazy\" decoding=\"async\" class=\"alignnone size-medium wp-image-5354\" src=\"https:\/\/www.glueckchenfueller.ch\/wp-content\/uploads\/2024\/12\/do_what_makes_you_happy-300x300.jpg\" alt=\"\" width=\"300\" height=\"300\" srcset=\"https:\/\/www.glueckchenfueller.ch\/wp-content\/uploads\/2024\/12\/do_what_makes_you_happy-300x300.jpg 300w, https:\/\/www.glueckchenfueller.ch\/wp-content\/uploads\/2024\/12\/do_what_makes_you_happy-1024x1024.jpg 1024w, https:\/\/www.glueckchenfueller.ch\/wp-content\/uploads\/2024\/12\/do_what_makes_you_happy-150x150.jpg 150w, https:\/\/www.glueckchenfueller.ch\/wp-content\/uploads\/2024\/12\/do_what_makes_you_happy-768x768.jpg 768w, https:\/\/www.glueckchenfueller.ch\/wp-content\/uploads\/2024\/12\/do_what_makes_you_happy-1536x1536.jpg 1536w, https:\/\/www.glueckchenfueller.ch\/wp-content\/uploads\/2024\/12\/do_what_makes_you_happy-2048x2048.jpg 2048w, https:\/\/www.glueckchenfueller.ch\/wp-content\/uploads\/2024\/12\/do_what_makes_you_happy-468x468.jpg 468w, https:\/\/www.glueckchenfueller.ch\/wp-content\/uploads\/2024\/12\/do_what_makes_you_happy-1612x1612.jpg 1612w, https:\/\/www.glueckchenfueller.ch\/wp-content\/uploads\/2024\/12\/do_what_makes_you_happy-1116x1116.jpg 1116w, https:\/\/www.glueckchenfueller.ch\/wp-content\/uploads\/2024\/12\/do_what_makes_you_happy-806x806.jpg 806w, https:\/\/www.glueckchenfueller.ch\/wp-content\/uploads\/2024\/12\/do_what_makes_you_happy-558x558.jpg 558w, https:\/\/www.glueckchenfueller.ch\/wp-content\/uploads\/2024\/12\/do_what_makes_you_happy-655x655.jpg 655w, https:\/\/www.glueckchenfueller.ch\/wp-content\/uploads\/2024\/12\/do_what_makes_you_happy-500x500.jpg 500w, https:\/\/www.glueckchenfueller.ch\/wp-content\/uploads\/2024\/12\/do_what_makes_you_happy-550x550.jpg 550w, https:\/\/www.glueckchenfueller.ch\/wp-content\/uploads\/2024\/12\/do_what_makes_you_happy-820x820.jpg 820w, https:\/\/www.glueckchenfueller.ch\/wp-content\/uploads\/2024\/12\/do_what_makes_you_happy-220x220.jpg 220w\" sizes=\"auto, (max-width: 300px) 100vw, 300px\" \/><\/p>\n","protected":false},"excerpt":{"rendered":"<p>Stempelschnitzkurs | Samstag 13. Juni 2026 | 14.30 bis 18.30 Uhr In meinen Workshops gebe ich sehr gerne meine Leidenschaft im Stempel schnitzen weiter. Du lernst in vier Stunden, mit Skalpell und Linol-Schnitzwerkzeugen aus weichen Gummiplatten individuelle Motive raus zu schneiden. Die Kurse finden in meinem kleinen Ladenlokal im Graben 4 in Baden statt und&hellip;<\/p>\n","protected":false},"featured_media":5363,"comment_status":"open","ping_status":"closed","template":"","meta":{"_acf_changed":false,"jetpack_post_was_ever_published":false,"jetpack_publicize_message":"","jetpack_publicize_feature_enabled":true,"jetpack_social_post_already_shared":true,"jetpack_social_options":{"image_generator_settings":{"template":"highway","default_image_id":0,"font":"","enabled":false},"version":2}},"product_brand":[],"product_cat":[285],"product_tag":[286],"class_list":{"0":"post-5970","1":"product","2":"type-product","3":"status-publish","4":"has-post-thumbnail","6":"product_cat-o-kurse-gutscheine","7":"product_tag-stempelschitzkurs","8":"product_shipping_class-keine-versandkosten","10":"first","11":"instock","12":"taxable","13":"shipping-taxable","14":"purchasable","15":"product-type-simple","17":"catalog-layout-default","18":"columns-xs-1"},"acf":[],"jetpack_publicize_connections":[],"jetpack_sharing_enabled":true,"jetpack_likes_enabled":true,"_links":{"self":[{"href":"https:\/\/www.glueckchenfueller.ch\/index.php?rest_route=\/wp\/v2\/product\/5970","targetHints":{"allow":["GET"]}}],"collection":[{"href":"https:\/\/www.glueckchenfueller.ch\/index.php?rest_route=\/wp\/v2\/product"}],"about":[{"href":"https:\/\/www.glueckchenfueller.ch\/index.php?rest_route=\/wp\/v2\/types\/product"}],"replies":[{"embeddable":true,"href":"https:\/\/www.glueckchenfueller.ch\/index.php?rest_route=%2Fwp%2Fv2%2Fcomments&post=5970"}],"wp:featuredmedia":[{"embeddable":true,"href":"https:\/\/www.glueckchenfueller.ch\/index.php?rest_route=\/wp\/v2\/media\/5363"}],"wp:attachment":[{"href":"https:\/\/www.glueckchenfueller.ch\/index.php?rest_route=%2Fwp%2Fv2%2Fmedia&parent=5970"}],"wp:term":[{"taxonomy":"product_brand","embeddable":true,"href":"https:\/\/www.glueckchenfueller.ch\/index.php?rest_route=%2Fwp%2Fv2%2Fproduct_brand&post=5970"},{"taxonomy":"product_cat","embeddable":true,"href":"https:\/\/www.glueckchenfueller.ch\/index.php?rest_route=%2Fwp%2Fv2%2Fproduct_cat&post=5970"},{"taxonomy":"product_tag","embeddable":true,"href":"https:\/\/www.glueckchenfueller.ch\/index.php?rest_route=%2Fwp%2Fv2%2Fproduct_tag&post=5970"}],"curies":[{"name":"wp","href":"https:\/\/api.w.org\/{rel}","templated":true}]}}