{"id":5456,"date":"2025-01-30T13:41:52","date_gmt":"2025-01-30T13:41:52","guid":{"rendered":"https:\/\/www.glueckchenfueller.ch\/?post_type=product&#038;p=5456"},"modified":"2025-05-16T09:38:50","modified_gmt":"2025-05-16T09:38:50","slug":"kaffeetasse-kolben-leinwanddruck-20-x-30-cm-weiss-gerahmt","status":"publish","type":"product","link":"https:\/\/www.glueckchenfueller.ch\/?product=kaffeetasse-kolben-leinwanddruck-20-x-30-cm-weiss-gerahmt","title":{"rendered":"Kaffeetasse-Kolben Leinwanddruck | 20 x 30 cm | weiss gerahmt"},"content":{"rendered":"<p>Das Postkartenmotiv F16_Kaffeetasse-Kolben wurde auf Leinwand gedruckt und mit weissem Schattenfugen-Kunststoffrahmen gerahmt.<\/p>\n<p>20 x 30 cm | hoch Format. Neben der Leinwand steht der Eisen-Wechselrahmen mit Postkarte drin um das Gr\u00f6ssenverh\u00e4ltnis besser zu zeigen. Den Eisenrahmen k\u00f6nnen Sie <a href=\"https:\/\/www.glueckchenfueller.ch\/?product=glueckchen-rahmen\">hier<\/a> erwerben.<\/p>\n<p><img loading=\"lazy\" decoding=\"async\" class=\"alignnone size-medium wp-image-5457\" src=\"https:\/\/www.glueckchenfueller.ch\/wp-content\/uploads\/2025\/01\/IMG_0703-2-300x300.jpg\" alt=\"\" width=\"300\" height=\"300\" srcset=\"https:\/\/www.glueckchenfueller.ch\/wp-content\/uploads\/2025\/01\/IMG_0703-2-300x300.jpg 300w, https:\/\/www.glueckchenfueller.ch\/wp-content\/uploads\/2025\/01\/IMG_0703-2-1024x1024.jpg 1024w, https:\/\/www.glueckchenfueller.ch\/wp-content\/uploads\/2025\/01\/IMG_0703-2-150x150.jpg 150w, https:\/\/www.glueckchenfueller.ch\/wp-content\/uploads\/2025\/01\/IMG_0703-2-768x768.jpg 768w, https:\/\/www.glueckchenfueller.ch\/wp-content\/uploads\/2025\/01\/IMG_0703-2-1536x1536.jpg 1536w, https:\/\/www.glueckchenfueller.ch\/wp-content\/uploads\/2025\/01\/IMG_0703-2-2048x2048.jpg 2048w, https:\/\/www.glueckchenfueller.ch\/wp-content\/uploads\/2025\/01\/IMG_0703-2-468x468.jpg 468w, https:\/\/www.glueckchenfueller.ch\/wp-content\/uploads\/2025\/01\/IMG_0703-2-1612x1612.jpg 1612w, https:\/\/www.glueckchenfueller.ch\/wp-content\/uploads\/2025\/01\/IMG_0703-2-1116x1116.jpg 1116w, https:\/\/www.glueckchenfueller.ch\/wp-content\/uploads\/2025\/01\/IMG_0703-2-806x806.jpg 806w, https:\/\/www.glueckchenfueller.ch\/wp-content\/uploads\/2025\/01\/IMG_0703-2-558x558.jpg 558w, https:\/\/www.glueckchenfueller.ch\/wp-content\/uploads\/2025\/01\/IMG_0703-2-655x655.jpg 655w, https:\/\/www.glueckchenfueller.ch\/wp-content\/uploads\/2025\/01\/IMG_0703-2-500x500.jpg 500w, https:\/\/www.glueckchenfueller.ch\/wp-content\/uploads\/2025\/01\/IMG_0703-2-550x550.jpg 550w, https:\/\/www.glueckchenfueller.ch\/wp-content\/uploads\/2025\/01\/IMG_0703-2-820x820.jpg 820w, https:\/\/www.glueckchenfueller.ch\/wp-content\/uploads\/2025\/01\/IMG_0703-2-220x220.jpg 220w, https:\/\/www.glueckchenfueller.ch\/wp-content\/uploads\/2025\/01\/IMG_0703-2-scaled-266x266.jpg 266w\" sizes=\"auto, (max-width: 300px) 100vw, 300px\" \/><\/p>\n","protected":false},"excerpt":{"rendered":"<p>Das Postkartenmotiv F16_Kaffeetasse-Kolben wurde auf Leinwand gedruckt und mit weissem Schattenfugen-Kunststoffrahmen gerahmt. 20 x 30 cm | hoch Format. Neben der Leinwand steht der Eisen-Wechselrahmen mit Postkarte drin um das Gr\u00f6ssenverh\u00e4ltnis besser zu zeigen. Den Eisenrahmen k\u00f6nnen Sie hier erwerben.<\/p>\n","protected":false},"featured_media":5457,"comment_status":"open","ping_status":"closed","template":"","meta":{"_acf_changed":false,"jetpack_post_was_ever_published":false,"jetpack_publicize_message":"","jetpack_publicize_feature_enabled":true,"jetpack_social_post_already_shared":true,"jetpack_social_options":{"image_generator_settings":{"template":"highway","default_image_id":0,"font":"","enabled":false},"version":2}},"product_brand":[],"product_cat":[345],"product_tag":[346],"class_list":{"0":"post-5456","1":"product","2":"type-product","3":"status-publish","4":"has-post-thumbnail","6":"product_cat-r-druck-auf-leinwaende","7":"product_tag-leinwanddruck","8":"product_shipping_class-waren-bis-5kg","10":"first","11":"outofstock","12":"taxable","13":"shipping-taxable","14":"purchasable","15":"product-type-simple","17":"catalog-layout-default","18":"columns-xs-1"},"acf":[],"jetpack_publicize_connections":[],"jetpack_sharing_enabled":true,"jetpack_likes_enabled":true,"_links":{"self":[{"href":"https:\/\/www.glueckchenfueller.ch\/index.php?rest_route=\/wp\/v2\/product\/5456","targetHints":{"allow":["GET"]}}],"collection":[{"href":"https:\/\/www.glueckchenfueller.ch\/index.php?rest_route=\/wp\/v2\/product"}],"about":[{"href":"https:\/\/www.glueckchenfueller.ch\/index.php?rest_route=\/wp\/v2\/types\/product"}],"replies":[{"embeddable":true,"href":"https:\/\/www.glueckchenfueller.ch\/index.php?rest_route=%2Fwp%2Fv2%2Fcomments&post=5456"}],"wp:featuredmedia":[{"embeddable":true,"href":"https:\/\/www.glueckchenfueller.ch\/index.php?rest_route=\/wp\/v2\/media\/5457"}],"wp:attachment":[{"href":"https:\/\/www.glueckchenfueller.ch\/index.php?rest_route=%2Fwp%2Fv2%2Fmedia&parent=5456"}],"wp:term":[{"taxonomy":"product_brand","embeddable":true,"href":"https:\/\/www.glueckchenfueller.ch\/index.php?rest_route=%2Fwp%2Fv2%2Fproduct_brand&post=5456"},{"taxonomy":"product_cat","embeddable":true,"href":"https:\/\/www.glueckchenfueller.ch\/index.php?rest_route=%2Fwp%2Fv2%2Fproduct_cat&post=5456"},{"taxonomy":"product_tag","embeddable":true,"href":"https:\/\/www.glueckchenfueller.ch\/index.php?rest_route=%2Fwp%2Fv2%2Fproduct_tag&post=5456"}],"curies":[{"name":"wp","href":"https:\/\/api.w.org\/{rel}","templated":true}]}}