{"id":4261,"date":"2023-05-10T15:01:01","date_gmt":"2023-05-10T15:01:01","guid":{"rendered":"https:\/\/www.glueckchenfueller.ch\/?post_type=product&#038;p=4261"},"modified":"2023-05-10T16:39:54","modified_gmt":"2023-05-10T16:39:54","slug":"kunstwerk-acryl-auf-fotografie-auf-aludibond-blumenstrauss","status":"publish","type":"product","link":"https:\/\/www.glueckchenfueller.ch\/?product=kunstwerk-acryl-auf-fotografie-auf-aludibond-blumenstrauss","title":{"rendered":"Kunstwerk | Acryl auf Fotografie auf Aludibond | Blumenstrauss"},"content":{"rendered":"<p>BLUMENSTRAUSS | Original Kunstwerk von Mirjam Knecht W\u00e4ger.<\/p>\n<p>Acrylmalerei auf Fotografie (Aludibond) auf Holz |20 x 20 x 4 cm | 2018<\/p>\n<p>Die dazu passenden Kunstwerke finden Sie auch unter der Kategorie &#8222;M Kunst|Abstrakt&#8220;.<\/p>\n<p>Sie m\u00f6chten dieses Bild gerne live vor Ort anschauen? Einige meiner Malereien stehen in Turgi AG, andere befinden sich in Ausstellungen oder werden in M\u00f6belh\u00e4usern pr\u00e4sentiert. Fragen Sie gerne per Mail nach, wo dieses Bild zu besichtigen ist.<\/p>\n<p>Die grossen Kunstwerke werden nicht verschickt, nur Abholung in Turgi oder am Ausstellungsort.<\/p>\n<p>Auf\u00a0<a href=\"http:\/\/www.kopfsprung.ch\">http:\/\/www.kopfsprung.ch<\/a> sehen Sie auch noch \u00e4ltere schon verkaufte Arbeiten.<\/p>\n<p><img loading=\"lazy\" decoding=\"async\" class=\"alignnone size-medium wp-image-4263\" src=\"https:\/\/www.glueckchenfueller.ch\/wp-content\/uploads\/2023\/05\/Blumenstrauss-und-Kritzelbild_3-300x300.jpg\" alt=\"\" width=\"300\" height=\"300\" srcset=\"https:\/\/www.glueckchenfueller.ch\/wp-content\/uploads\/2023\/05\/Blumenstrauss-und-Kritzelbild_3-300x300.jpg 300w, https:\/\/www.glueckchenfueller.ch\/wp-content\/uploads\/2023\/05\/Blumenstrauss-und-Kritzelbild_3-scaled-550x550.jpg 550w, https:\/\/www.glueckchenfueller.ch\/wp-content\/uploads\/2023\/05\/Blumenstrauss-und-Kritzelbild_3-scaled-220x220.jpg 220w, https:\/\/www.glueckchenfueller.ch\/wp-content\/uploads\/2023\/05\/Blumenstrauss-und-Kritzelbild_3-scaled-820x820.jpg 820w, https:\/\/www.glueckchenfueller.ch\/wp-content\/uploads\/2023\/05\/Blumenstrauss-und-Kritzelbild_3-1024x1024.jpg 1024w, https:\/\/www.glueckchenfueller.ch\/wp-content\/uploads\/2023\/05\/Blumenstrauss-und-Kritzelbild_3-150x150.jpg 150w, https:\/\/www.glueckchenfueller.ch\/wp-content\/uploads\/2023\/05\/Blumenstrauss-und-Kritzelbild_3-768x768.jpg 768w, https:\/\/www.glueckchenfueller.ch\/wp-content\/uploads\/2023\/05\/Blumenstrauss-und-Kritzelbild_3-1536x1536.jpg 1536w, https:\/\/www.glueckchenfueller.ch\/wp-content\/uploads\/2023\/05\/Blumenstrauss-und-Kritzelbild_3-2048x2048.jpg 2048w, https:\/\/www.glueckchenfueller.ch\/wp-content\/uploads\/2023\/05\/Blumenstrauss-und-Kritzelbild_3-468x468.jpg 468w, https:\/\/www.glueckchenfueller.ch\/wp-content\/uploads\/2023\/05\/Blumenstrauss-und-Kritzelbild_3-1612x1612.jpg 1612w, https:\/\/www.glueckchenfueller.ch\/wp-content\/uploads\/2023\/05\/Blumenstrauss-und-Kritzelbild_3-1116x1116.jpg 1116w, https:\/\/www.glueckchenfueller.ch\/wp-content\/uploads\/2023\/05\/Blumenstrauss-und-Kritzelbild_3-806x806.jpg 806w, https:\/\/www.glueckchenfueller.ch\/wp-content\/uploads\/2023\/05\/Blumenstrauss-und-Kritzelbild_3-558x558.jpg 558w, https:\/\/www.glueckchenfueller.ch\/wp-content\/uploads\/2023\/05\/Blumenstrauss-und-Kritzelbild_3-655x655.jpg 655w, https:\/\/www.glueckchenfueller.ch\/wp-content\/uploads\/2023\/05\/Blumenstrauss-und-Kritzelbild_3-500x500.jpg 500w\" sizes=\"auto, (max-width: 300px) 100vw, 300px\" \/> <img loading=\"lazy\" decoding=\"async\" class=\"alignnone size-medium wp-image-4264\" src=\"https:\/\/www.glueckchenfueller.ch\/wp-content\/uploads\/2023\/05\/Blumenstrauss-und-Kritzelbild-300x300.jpg\" alt=\"\" width=\"300\" height=\"300\" srcset=\"https:\/\/www.glueckchenfueller.ch\/wp-content\/uploads\/2023\/05\/Blumenstrauss-und-Kritzelbild-300x300.jpg 300w, https:\/\/www.glueckchenfueller.ch\/wp-content\/uploads\/2023\/05\/Blumenstrauss-und-Kritzelbild-scaled-550x550.jpg 550w, https:\/\/www.glueckchenfueller.ch\/wp-content\/uploads\/2023\/05\/Blumenstrauss-und-Kritzelbild-scaled-220x220.jpg 220w, https:\/\/www.glueckchenfueller.ch\/wp-content\/uploads\/2023\/05\/Blumenstrauss-und-Kritzelbild-scaled-820x820.jpg 820w, https:\/\/www.glueckchenfueller.ch\/wp-content\/uploads\/2023\/05\/Blumenstrauss-und-Kritzelbild-1024x1024.jpg 1024w, https:\/\/www.glueckchenfueller.ch\/wp-content\/uploads\/2023\/05\/Blumenstrauss-und-Kritzelbild-150x150.jpg 150w, https:\/\/www.glueckchenfueller.ch\/wp-content\/uploads\/2023\/05\/Blumenstrauss-und-Kritzelbild-768x768.jpg 768w, https:\/\/www.glueckchenfueller.ch\/wp-content\/uploads\/2023\/05\/Blumenstrauss-und-Kritzelbild-1536x1536.jpg 1536w, https:\/\/www.glueckchenfueller.ch\/wp-content\/uploads\/2023\/05\/Blumenstrauss-und-Kritzelbild-2048x2048.jpg 2048w, https:\/\/www.glueckchenfueller.ch\/wp-content\/uploads\/2023\/05\/Blumenstrauss-und-Kritzelbild-468x468.jpg 468w, https:\/\/www.glueckchenfueller.ch\/wp-content\/uploads\/2023\/05\/Blumenstrauss-und-Kritzelbild-1612x1612.jpg 1612w, https:\/\/www.glueckchenfueller.ch\/wp-content\/uploads\/2023\/05\/Blumenstrauss-und-Kritzelbild-1116x1116.jpg 1116w, https:\/\/www.glueckchenfueller.ch\/wp-content\/uploads\/2023\/05\/Blumenstrauss-und-Kritzelbild-806x806.jpg 806w, https:\/\/www.glueckchenfueller.ch\/wp-content\/uploads\/2023\/05\/Blumenstrauss-und-Kritzelbild-558x558.jpg 558w, https:\/\/www.glueckchenfueller.ch\/wp-content\/uploads\/2023\/05\/Blumenstrauss-und-Kritzelbild-655x655.jpg 655w, https:\/\/www.glueckchenfueller.ch\/wp-content\/uploads\/2023\/05\/Blumenstrauss-und-Kritzelbild-500x500.jpg 500w\" sizes=\"auto, (max-width: 300px) 100vw, 300px\" \/> <img loading=\"lazy\" decoding=\"async\" class=\"alignnone size-medium wp-image-4265\" src=\"https:\/\/www.glueckchenfueller.ch\/wp-content\/uploads\/2023\/05\/Blumenstraussbunch-of-flowers_Detail1-300x300.jpg\" alt=\"\" width=\"300\" height=\"300\" srcset=\"https:\/\/www.glueckchenfueller.ch\/wp-content\/uploads\/2023\/05\/Blumenstraussbunch-of-flowers_Detail1-300x300.jpg 300w, https:\/\/www.glueckchenfueller.ch\/wp-content\/uploads\/2023\/05\/Blumenstraussbunch-of-flowers_Detail1-scaled-550x550.jpg 550w, https:\/\/www.glueckchenfueller.ch\/wp-content\/uploads\/2023\/05\/Blumenstraussbunch-of-flowers_Detail1-scaled-220x220.jpg 220w, https:\/\/www.glueckchenfueller.ch\/wp-content\/uploads\/2023\/05\/Blumenstraussbunch-of-flowers_Detail1-scaled-820x820.jpg 820w, https:\/\/www.glueckchenfueller.ch\/wp-content\/uploads\/2023\/05\/Blumenstraussbunch-of-flowers_Detail1-1024x1024.jpg 1024w, https:\/\/www.glueckchenfueller.ch\/wp-content\/uploads\/2023\/05\/Blumenstraussbunch-of-flowers_Detail1-150x150.jpg 150w, https:\/\/www.glueckchenfueller.ch\/wp-content\/uploads\/2023\/05\/Blumenstraussbunch-of-flowers_Detail1-768x768.jpg 768w, https:\/\/www.glueckchenfueller.ch\/wp-content\/uploads\/2023\/05\/Blumenstraussbunch-of-flowers_Detail1-1536x1536.jpg 1536w, https:\/\/www.glueckchenfueller.ch\/wp-content\/uploads\/2023\/05\/Blumenstraussbunch-of-flowers_Detail1-2048x2048.jpg 2048w, https:\/\/www.glueckchenfueller.ch\/wp-content\/uploads\/2023\/05\/Blumenstraussbunch-of-flowers_Detail1-468x468.jpg 468w, https:\/\/www.glueckchenfueller.ch\/wp-content\/uploads\/2023\/05\/Blumenstraussbunch-of-flowers_Detail1-1612x1612.jpg 1612w, https:\/\/www.glueckchenfueller.ch\/wp-content\/uploads\/2023\/05\/Blumenstraussbunch-of-flowers_Detail1-1116x1116.jpg 1116w, https:\/\/www.glueckchenfueller.ch\/wp-content\/uploads\/2023\/05\/Blumenstraussbunch-of-flowers_Detail1-806x806.jpg 806w, https:\/\/www.glueckchenfueller.ch\/wp-content\/uploads\/2023\/05\/Blumenstraussbunch-of-flowers_Detail1-558x558.jpg 558w, https:\/\/www.glueckchenfueller.ch\/wp-content\/uploads\/2023\/05\/Blumenstraussbunch-of-flowers_Detail1-655x655.jpg 655w, https:\/\/www.glueckchenfueller.ch\/wp-content\/uploads\/2023\/05\/Blumenstraussbunch-of-flowers_Detail1-500x500.jpg 500w\" sizes=\"auto, (max-width: 300px) 100vw, 300px\" \/> <img loading=\"lazy\" decoding=\"async\" class=\"alignnone size-medium wp-image-4266\" src=\"https:\/\/www.glueckchenfueller.ch\/wp-content\/uploads\/2023\/05\/Blumenstraussbunch-of-flowers_Detail2-300x300.jpg\" alt=\"\" width=\"300\" height=\"300\" srcset=\"https:\/\/www.glueckchenfueller.ch\/wp-content\/uploads\/2023\/05\/Blumenstraussbunch-of-flowers_Detail2-300x300.jpg 300w, https:\/\/www.glueckchenfueller.ch\/wp-content\/uploads\/2023\/05\/Blumenstraussbunch-of-flowers_Detail2-scaled-550x550.jpg 550w, https:\/\/www.glueckchenfueller.ch\/wp-content\/uploads\/2023\/05\/Blumenstraussbunch-of-flowers_Detail2-scaled-220x220.jpg 220w, https:\/\/www.glueckchenfueller.ch\/wp-content\/uploads\/2023\/05\/Blumenstraussbunch-of-flowers_Detail2-scaled-820x820.jpg 820w, https:\/\/www.glueckchenfueller.ch\/wp-content\/uploads\/2023\/05\/Blumenstraussbunch-of-flowers_Detail2-1024x1024.jpg 1024w, https:\/\/www.glueckchenfueller.ch\/wp-content\/uploads\/2023\/05\/Blumenstraussbunch-of-flowers_Detail2-150x150.jpg 150w, https:\/\/www.glueckchenfueller.ch\/wp-content\/uploads\/2023\/05\/Blumenstraussbunch-of-flowers_Detail2-768x768.jpg 768w, https:\/\/www.glueckchenfueller.ch\/wp-content\/uploads\/2023\/05\/Blumenstraussbunch-of-flowers_Detail2-1536x1536.jpg 1536w, https:\/\/www.glueckchenfueller.ch\/wp-content\/uploads\/2023\/05\/Blumenstraussbunch-of-flowers_Detail2-2048x2048.jpg 2048w, https:\/\/www.glueckchenfueller.ch\/wp-content\/uploads\/2023\/05\/Blumenstraussbunch-of-flowers_Detail2-468x468.jpg 468w, https:\/\/www.glueckchenfueller.ch\/wp-content\/uploads\/2023\/05\/Blumenstraussbunch-of-flowers_Detail2-1612x1612.jpg 1612w, https:\/\/www.glueckchenfueller.ch\/wp-content\/uploads\/2023\/05\/Blumenstraussbunch-of-flowers_Detail2-1116x1116.jpg 1116w, https:\/\/www.glueckchenfueller.ch\/wp-content\/uploads\/2023\/05\/Blumenstraussbunch-of-flowers_Detail2-806x806.jpg 806w, https:\/\/www.glueckchenfueller.ch\/wp-content\/uploads\/2023\/05\/Blumenstraussbunch-of-flowers_Detail2-558x558.jpg 558w, https:\/\/www.glueckchenfueller.ch\/wp-content\/uploads\/2023\/05\/Blumenstraussbunch-of-flowers_Detail2-655x655.jpg 655w, https:\/\/www.glueckchenfueller.ch\/wp-content\/uploads\/2023\/05\/Blumenstraussbunch-of-flowers_Detail2-500x500.jpg 500w\" sizes=\"auto, (max-width: 300px) 100vw, 300px\" \/> <img loading=\"lazy\" decoding=\"async\" class=\"alignnone size-medium wp-image-4267\" src=\"https:\/\/www.glueckchenfueller.ch\/wp-content\/uploads\/2023\/05\/Blumenstraussbunch-of-flowers_Detail3-300x300.jpg\" alt=\"\" width=\"300\" height=\"300\" srcset=\"https:\/\/www.glueckchenfueller.ch\/wp-content\/uploads\/2023\/05\/Blumenstraussbunch-of-flowers_Detail3-300x300.jpg 300w, https:\/\/www.glueckchenfueller.ch\/wp-content\/uploads\/2023\/05\/Blumenstraussbunch-of-flowers_Detail3-scaled-550x550.jpg 550w, https:\/\/www.glueckchenfueller.ch\/wp-content\/uploads\/2023\/05\/Blumenstraussbunch-of-flowers_Detail3-scaled-220x220.jpg 220w, https:\/\/www.glueckchenfueller.ch\/wp-content\/uploads\/2023\/05\/Blumenstraussbunch-of-flowers_Detail3-scaled-820x820.jpg 820w, https:\/\/www.glueckchenfueller.ch\/wp-content\/uploads\/2023\/05\/Blumenstraussbunch-of-flowers_Detail3-1024x1024.jpg 1024w, https:\/\/www.glueckchenfueller.ch\/wp-content\/uploads\/2023\/05\/Blumenstraussbunch-of-flowers_Detail3-150x150.jpg 150w, https:\/\/www.glueckchenfueller.ch\/wp-content\/uploads\/2023\/05\/Blumenstraussbunch-of-flowers_Detail3-768x768.jpg 768w, https:\/\/www.glueckchenfueller.ch\/wp-content\/uploads\/2023\/05\/Blumenstraussbunch-of-flowers_Detail3-1536x1536.jpg 1536w, https:\/\/www.glueckchenfueller.ch\/wp-content\/uploads\/2023\/05\/Blumenstraussbunch-of-flowers_Detail3-2048x2048.jpg 2048w, https:\/\/www.glueckchenfueller.ch\/wp-content\/uploads\/2023\/05\/Blumenstraussbunch-of-flowers_Detail3-468x468.jpg 468w, https:\/\/www.glueckchenfueller.ch\/wp-content\/uploads\/2023\/05\/Blumenstraussbunch-of-flowers_Detail3-1612x1612.jpg 1612w, https:\/\/www.glueckchenfueller.ch\/wp-content\/uploads\/2023\/05\/Blumenstraussbunch-of-flowers_Detail3-1116x1116.jpg 1116w, https:\/\/www.glueckchenfueller.ch\/wp-content\/uploads\/2023\/05\/Blumenstraussbunch-of-flowers_Detail3-806x806.jpg 806w, https:\/\/www.glueckchenfueller.ch\/wp-content\/uploads\/2023\/05\/Blumenstraussbunch-of-flowers_Detail3-558x558.jpg 558w, https:\/\/www.glueckchenfueller.ch\/wp-content\/uploads\/2023\/05\/Blumenstraussbunch-of-flowers_Detail3-655x655.jpg 655w, https:\/\/www.glueckchenfueller.ch\/wp-content\/uploads\/2023\/05\/Blumenstraussbunch-of-flowers_Detail3-500x500.jpg 500w\" sizes=\"auto, (max-width: 300px) 100vw, 300px\" \/><img loading=\"lazy\" decoding=\"async\" class=\"alignnone size-medium wp-image-4262\" src=\"https:\/\/www.glueckchenfueller.ch\/wp-content\/uploads\/2023\/05\/Blumenstraussbunch-of-flowers-300x300.jpg\" alt=\"\" width=\"300\" height=\"300\" srcset=\"https:\/\/www.glueckchenfueller.ch\/wp-content\/uploads\/2023\/05\/Blumenstraussbunch-of-flowers-300x300.jpg 300w, https:\/\/www.glueckchenfueller.ch\/wp-content\/uploads\/2023\/05\/Blumenstraussbunch-of-flowers-scaled-550x551.jpg 550w, https:\/\/www.glueckchenfueller.ch\/wp-content\/uploads\/2023\/05\/Blumenstraussbunch-of-flowers-scaled-220x220.jpg 220w, https:\/\/www.glueckchenfueller.ch\/wp-content\/uploads\/2023\/05\/Blumenstraussbunch-of-flowers-scaled-820x821.jpg 820w, https:\/\/www.glueckchenfueller.ch\/wp-content\/uploads\/2023\/05\/Blumenstraussbunch-of-flowers-1024x1024.jpg 1024w, https:\/\/www.glueckchenfueller.ch\/wp-content\/uploads\/2023\/05\/Blumenstraussbunch-of-flowers-150x150.jpg 150w, https:\/\/www.glueckchenfueller.ch\/wp-content\/uploads\/2023\/05\/Blumenstraussbunch-of-flowers-768x769.jpg 768w, https:\/\/www.glueckchenfueller.ch\/wp-content\/uploads\/2023\/05\/Blumenstraussbunch-of-flowers-1534x1536.jpg 1534w, https:\/\/www.glueckchenfueller.ch\/wp-content\/uploads\/2023\/05\/Blumenstraussbunch-of-flowers-2046x2048.jpg 2046w, https:\/\/www.glueckchenfueller.ch\/wp-content\/uploads\/2023\/05\/Blumenstraussbunch-of-flowers-468x468.jpg 468w, https:\/\/www.glueckchenfueller.ch\/wp-content\/uploads\/2023\/05\/Blumenstraussbunch-of-flowers-1612x1614.jpg 1612w, https:\/\/www.glueckchenfueller.ch\/wp-content\/uploads\/2023\/05\/Blumenstraussbunch-of-flowers-1116x1117.jpg 1116w, https:\/\/www.glueckchenfueller.ch\/wp-content\/uploads\/2023\/05\/Blumenstraussbunch-of-flowers-806x807.jpg 806w, https:\/\/www.glueckchenfueller.ch\/wp-content\/uploads\/2023\/05\/Blumenstraussbunch-of-flowers-558x559.jpg 558w, https:\/\/www.glueckchenfueller.ch\/wp-content\/uploads\/2023\/05\/Blumenstraussbunch-of-flowers-655x656.jpg 655w, https:\/\/www.glueckchenfueller.ch\/wp-content\/uploads\/2023\/05\/Blumenstraussbunch-of-flowers-500x500.jpg 500w, https:\/\/www.glueckchenfueller.ch\/wp-content\/uploads\/2023\/05\/Blumenstraussbunch-of-flowers-scaled-266x266.jpg 266w\" sizes=\"auto, (max-width: 300px) 100vw, 300px\" \/><img loading=\"lazy\" decoding=\"async\" class=\"alignnone size-medium wp-image-4268\" src=\"https:\/\/www.glueckchenfueller.ch\/wp-content\/uploads\/2023\/05\/Blumenstraussbunch-of-flowers_Detail4-300x300.jpg\" alt=\"\" width=\"300\" height=\"300\" srcset=\"https:\/\/www.glueckchenfueller.ch\/wp-content\/uploads\/2023\/05\/Blumenstraussbunch-of-flowers_Detail4-300x300.jpg 300w, https:\/\/www.glueckchenfueller.ch\/wp-content\/uploads\/2023\/05\/Blumenstraussbunch-of-flowers_Detail4-scaled-550x550.jpg 550w, https:\/\/www.glueckchenfueller.ch\/wp-content\/uploads\/2023\/05\/Blumenstraussbunch-of-flowers_Detail4-scaled-220x220.jpg 220w, https:\/\/www.glueckchenfueller.ch\/wp-content\/uploads\/2023\/05\/Blumenstraussbunch-of-flowers_Detail4-scaled-820x820.jpg 820w, https:\/\/www.glueckchenfueller.ch\/wp-content\/uploads\/2023\/05\/Blumenstraussbunch-of-flowers_Detail4-1024x1024.jpg 1024w, https:\/\/www.glueckchenfueller.ch\/wp-content\/uploads\/2023\/05\/Blumenstraussbunch-of-flowers_Detail4-150x150.jpg 150w, https:\/\/www.glueckchenfueller.ch\/wp-content\/uploads\/2023\/05\/Blumenstraussbunch-of-flowers_Detail4-768x768.jpg 768w, https:\/\/www.glueckchenfueller.ch\/wp-content\/uploads\/2023\/05\/Blumenstraussbunch-of-flowers_Detail4-1536x1536.jpg 1536w, https:\/\/www.glueckchenfueller.ch\/wp-content\/uploads\/2023\/05\/Blumenstraussbunch-of-flowers_Detail4-2048x2048.jpg 2048w, https:\/\/www.glueckchenfueller.ch\/wp-content\/uploads\/2023\/05\/Blumenstraussbunch-of-flowers_Detail4-468x468.jpg 468w, https:\/\/www.glueckchenfueller.ch\/wp-content\/uploads\/2023\/05\/Blumenstraussbunch-of-flowers_Detail4-1612x1612.jpg 1612w, https:\/\/www.glueckchenfueller.ch\/wp-content\/uploads\/2023\/05\/Blumenstraussbunch-of-flowers_Detail4-1116x1116.jpg 1116w, https:\/\/www.glueckchenfueller.ch\/wp-content\/uploads\/2023\/05\/Blumenstraussbunch-of-flowers_Detail4-806x806.jpg 806w, https:\/\/www.glueckchenfueller.ch\/wp-content\/uploads\/2023\/05\/Blumenstraussbunch-of-flowers_Detail4-558x558.jpg 558w, https:\/\/www.glueckchenfueller.ch\/wp-content\/uploads\/2023\/05\/Blumenstraussbunch-of-flowers_Detail4-655x655.jpg 655w, https:\/\/www.glueckchenfueller.ch\/wp-content\/uploads\/2023\/05\/Blumenstraussbunch-of-flowers_Detail4-500x500.jpg 500w\" sizes=\"auto, (max-width: 300px) 100vw, 300px\" \/> <img loading=\"lazy\" decoding=\"async\" class=\"alignnone size-medium wp-image-4269\" src=\"https:\/\/www.glueckchenfueller.ch\/wp-content\/uploads\/2023\/05\/Blumenstrauss-und-Kritzelbild_2-300x300.jpg\" alt=\"\" width=\"300\" height=\"300\" srcset=\"https:\/\/www.glueckchenfueller.ch\/wp-content\/uploads\/2023\/05\/Blumenstrauss-und-Kritzelbild_2-300x300.jpg 300w, https:\/\/www.glueckchenfueller.ch\/wp-content\/uploads\/2023\/05\/Blumenstrauss-und-Kritzelbild_2-scaled-550x550.jpg 550w, https:\/\/www.glueckchenfueller.ch\/wp-content\/uploads\/2023\/05\/Blumenstrauss-und-Kritzelbild_2-scaled-220x220.jpg 220w, https:\/\/www.glueckchenfueller.ch\/wp-content\/uploads\/2023\/05\/Blumenstrauss-und-Kritzelbild_2-scaled-820x820.jpg 820w, https:\/\/www.glueckchenfueller.ch\/wp-content\/uploads\/2023\/05\/Blumenstrauss-und-Kritzelbild_2-1024x1024.jpg 1024w, https:\/\/www.glueckchenfueller.ch\/wp-content\/uploads\/2023\/05\/Blumenstrauss-und-Kritzelbild_2-150x150.jpg 150w, https:\/\/www.glueckchenfueller.ch\/wp-content\/uploads\/2023\/05\/Blumenstrauss-und-Kritzelbild_2-768x768.jpg 768w, https:\/\/www.glueckchenfueller.ch\/wp-content\/uploads\/2023\/05\/Blumenstrauss-und-Kritzelbild_2-1536x1536.jpg 1536w, https:\/\/www.glueckchenfueller.ch\/wp-content\/uploads\/2023\/05\/Blumenstrauss-und-Kritzelbild_2-2048x2048.jpg 2048w, https:\/\/www.glueckchenfueller.ch\/wp-content\/uploads\/2023\/05\/Blumenstrauss-und-Kritzelbild_2-468x468.jpg 468w, https:\/\/www.glueckchenfueller.ch\/wp-content\/uploads\/2023\/05\/Blumenstrauss-und-Kritzelbild_2-1612x1612.jpg 1612w, https:\/\/www.glueckchenfueller.ch\/wp-content\/uploads\/2023\/05\/Blumenstrauss-und-Kritzelbild_2-1116x1116.jpg 1116w, https:\/\/www.glueckchenfueller.ch\/wp-content\/uploads\/2023\/05\/Blumenstrauss-und-Kritzelbild_2-806x806.jpg 806w, https:\/\/www.glueckchenfueller.ch\/wp-content\/uploads\/2023\/05\/Blumenstrauss-und-Kritzelbild_2-558x558.jpg 558w, https:\/\/www.glueckchenfueller.ch\/wp-content\/uploads\/2023\/05\/Blumenstrauss-und-Kritzelbild_2-655x655.jpg 655w, https:\/\/www.glueckchenfueller.ch\/wp-content\/uploads\/2023\/05\/Blumenstrauss-und-Kritzelbild_2-500x500.jpg 500w\" sizes=\"auto, (max-width: 300px) 100vw, 300px\" \/><\/p>\n","protected":false},"excerpt":{"rendered":"<p>BLUMENSTRAUSS | Original Kunstwerk von Mirjam Knecht W\u00e4ger. Acrylmalerei auf Fotografie (Aludibond) auf Holz |20 x 20 x 4 cm | 2018 Die dazu passenden Kunstwerke finden Sie auch unter der Kategorie &#8222;M Kunst|Abstrakt&#8220;. Sie m\u00f6chten dieses Bild gerne live vor Ort anschauen? Einige meiner Malereien stehen in Turgi AG, andere befinden sich in Ausstellungen&hellip;<\/p>\n","protected":false},"featured_media":4262,"comment_status":"open","ping_status":"closed","template":"","meta":{"_acf_changed":false,"jetpack_post_was_ever_published":false,"jetpack_publicize_message":"","jetpack_publicize_feature_enabled":true,"jetpack_social_post_already_shared":true,"jetpack_social_options":{"image_generator_settings":{"template":"highway","default_image_id":0,"font":"","enabled":false},"version":2}},"product_brand":[],"product_cat":[332],"product_tag":[211,316,231],"class_list":{"0":"post-4261","1":"product","2":"type-product","3":"status-publish","4":"has-post-thumbnail","6":"product_cat-n-kunst-tiere-und-blumen","7":"product_tag-kunst","8":"product_tag-kunstwerk","9":"product_tag-malerei","10":"product_shipping_class-waren-bis-5kg","12":"first","13":"instock","14":"taxable","15":"shipping-taxable","16":"purchasable","17":"product-type-simple","19":"catalog-layout-default","20":"columns-xs-1"},"acf":[],"jetpack_publicize_connections":[],"jetpack_sharing_enabled":true,"jetpack_likes_enabled":true,"_links":{"self":[{"href":"https:\/\/www.glueckchenfueller.ch\/index.php?rest_route=\/wp\/v2\/product\/4261","targetHints":{"allow":["GET"]}}],"collection":[{"href":"https:\/\/www.glueckchenfueller.ch\/index.php?rest_route=\/wp\/v2\/product"}],"about":[{"href":"https:\/\/www.glueckchenfueller.ch\/index.php?rest_route=\/wp\/v2\/types\/product"}],"replies":[{"embeddable":true,"href":"https:\/\/www.glueckchenfueller.ch\/index.php?rest_route=%2Fwp%2Fv2%2Fcomments&post=4261"}],"wp:featuredmedia":[{"embeddable":true,"href":"https:\/\/www.glueckchenfueller.ch\/index.php?rest_route=\/wp\/v2\/media\/4262"}],"wp:attachment":[{"href":"https:\/\/www.glueckchenfueller.ch\/index.php?rest_route=%2Fwp%2Fv2%2Fmedia&parent=4261"}],"wp:term":[{"taxonomy":"product_brand","embeddable":true,"href":"https:\/\/www.glueckchenfueller.ch\/index.php?rest_route=%2Fwp%2Fv2%2Fproduct_brand&post=4261"},{"taxonomy":"product_cat","embeddable":true,"href":"https:\/\/www.glueckchenfueller.ch\/index.php?rest_route=%2Fwp%2Fv2%2Fproduct_cat&post=4261"},{"taxonomy":"product_tag","embeddable":true,"href":"https:\/\/www.glueckchenfueller.ch\/index.php?rest_route=%2Fwp%2Fv2%2Fproduct_tag&post=4261"}],"curies":[{"name":"wp","href":"https:\/\/api.w.org\/{rel}","templated":true}]}}